{"id":3475,"date":"2018-01-16T16:08:18","date_gmt":"2018-01-16T16:08:18","guid":{"rendered":"https:\/\/w7.foxdsgn.com\/napoli\/?page_id=3475"},"modified":"2020-10-21T21:20:25","modified_gmt":"2020-10-21T19:20:25","slug":"ma-philosophie","status":"publish","type":"page","link":"https:\/\/jerome-sornay.fr\/?page_id=3475","title":{"rendered":"Ma Philosophie"},"content":{"rendered":"<p>[vc_row][vc_column][vc_empty_space height=\u00a0\u00bb50px\u00a0\u00bb][\/vc_column][\/vc_row][vc_row full_width=\u00a0\u00bbstretch_row_content_no_spaces\u00a0\u00bb][vc_column][napoli_info_block image=\u00a0\u00bb3795&Prime;]<\/p>\n<h5>J\u00e9r\u00f4me Sornay<\/h5>\n<hr \/>\n<p>Architecte d&rsquo;int\u00e9rieur &amp; Designer de mobilier<\/p>\n<blockquote><p>It takes a lot of imagination to be a good architect. Everything is so ordinary..<\/p><\/blockquote>\n<p><span id=\"s2_1\">L\u2019architecture n\u2019est pas seulement un b\u00e2timent, il s\u2019agit beaucoup plus de cr\u00e9er un environnement \u00e9quilibr\u00e9 o\u00f9 nous passons du temps de avec la famille et les amis.<\/span>\u00a0<span id=\"s2_2\">Nous nous effor\u00e7ons de cr\u00e9er un endroit pour se d\u00e9tendre, rembobiner et rajeunir, une oasis loin de l\u2019agitation de la vie quotidienne.<\/span><\/p>\n<blockquote><p><span id=\"s2_4\">Plus important encore, l\u2019architecture consiste \u00e0 trouver l\u2019\u00e9quilibre de deux mondes &#8211; entre la nature et l\u2019homme et \u00e0 les combiner dans un espace harmonieux.<\/span><\/p><\/blockquote>\n<p><span id=\"s2_5\">Chaque jour, nous passons des heures interminables \u00e0 l\u2019int\u00e9rieur, il est donc n\u00e9cessaire de rendre l\u2019espace que nous occupons aussi accueillant, sain et motivant que possible.<\/span>\u00a0<span id=\"s2_6\">Ainsi, nous concentrons notre approche sur la fusion de ces deux mondes et aux exigences du client de la fa\u00e7on la plus respectueuse possible de notre territoire et de notre environnement.<\/span><\/p>\n<p>&nbsp;<\/p>\n<div class=\"gridable gridable--row\">\n<div class=\"gridable--col col-6\">\n<h6>Mon Engagement \u00c9cologique<\/h6>\n<p>Nous pr\u00e9f\u00e9rons prot\u00e9ger notre environnement, pas le d\u00e9truire. Nous allons travailler avec chaque budget et choisir la m\u00e9thode la plus respectueuse de l\u2019environnement pour ex\u00e9cuter notre conception.<\/p>\n<p><span id=\"s2_1\">Nous croyons que des \u00e9conomies \u00e0 long terme et des structures bien construites r\u00e9sisteront \u00e0 l\u2019\u00e9preuve du temps.<\/span> <span id=\"s2_2\">Nous choisissons des mat\u00e9riaux de qualit\u00e9 qui sont d\u2019origine locale et sont en phase avec l\u2019environnement environnant, assurant une dur\u00e9e de vie plus longue et des co\u00fbts d\u2019entretien r\u00e9duits pour nos clients.<\/span><\/p>\n<\/div>\n<\/div>\n<p>[\/napoli_info_block][\/vc_column][\/vc_row]<\/p>\n","protected":false},"excerpt":{"rendered":"<p>[vc_row][vc_column][vc_empty_space height=\u00a0\u00bb50px\u00a0\u00bb][\/vc_column][\/vc_row][vc_row full_width=\u00a0\u00bbstretch_row_content_no_spaces\u00a0\u00bb][vc_column][napoli_info_block image=\u00a0\u00bb3795&Prime;] J\u00e9r\u00f4me Sornay Architecte d&rsquo;int\u00e9rieur &amp; Designer de mobilier It takes a lot of imagination to be a good architect. Everything is so ordinary.. L\u2019architecture n\u2019est pas seulement un b\u00e2timent, il s\u2019agit beaucoup plus de cr\u00e9er un environnement \u00e9quilibr\u00e9 o\u00f9 nous passons du temps de avec la famille et les amis.\u00a0Nous nous [&hellip;]<\/p>\n","protected":false},"author":1,"featured_media":0,"parent":0,"menu_order":0,"comment_status":"closed","ping_status":"closed","template":"","meta":[],"_links":{"self":[{"href":"https:\/\/jerome-sornay.fr\/index.php?rest_route=\/wp\/v2\/pages\/3475"}],"collection":[{"href":"https:\/\/jerome-sornay.fr\/index.php?rest_route=\/wp\/v2\/pages"}],"about":[{"href":"https:\/\/jerome-sornay.fr\/index.php?rest_route=\/wp\/v2\/types\/page"}],"author":[{"embeddable":true,"href":"https:\/\/jerome-sornay.fr\/index.php?rest_route=\/wp\/v2\/users\/1"}],"replies":[{"embeddable":true,"href":"https:\/\/jerome-sornay.fr\/index.php?rest_route=%2Fwp%2Fv2%2Fcomments&post=3475"}],"version-history":[{"count":15,"href":"https:\/\/jerome-sornay.fr\/index.php?rest_route=\/wp\/v2\/pages\/3475\/revisions"}],"predecessor-version":[{"id":4004,"href":"https:\/\/jerome-sornay.fr\/index.php?rest_route=\/wp\/v2\/pages\/3475\/revisions\/4004"}],"wp:attachment":[{"href":"https:\/\/jerome-sornay.fr\/index.php?rest_route=%2Fwp%2Fv2%2Fmedia&parent=3475"}],"curies":[{"name":"wp","href":"https:\/\/api.w.org\/{rel}","templated":true}]}}